reds digit of l?
8
Let z(n) = -n**2 - 34*n - 5. Let v be (15/(-2) - 3)*(-6)/(-3). What is the hundreds digit of z(v)?
2
Suppose w - 21 = -2*r, 4*r + 21 = 6*w - w. Let t(b) be the first derivative of 2*b**3/3 - 5*b**2/2 + 12*b + 1. What is the units digit of t(w)?
9
Suppose 23*d = 18*d + 710. Let l = 270 - d. Let q = l - -85. What is the tens digit of q?
1
What is the hundreds digit of 2/((-4)/54798)*(392/(-42))/14?
2
Let w(d) = 2*d**2 - 5*d - 37. Let r be w(6). Suppose -r*u - 5*o = -2600, 4*u - 3*o = -o + 2098. What is the hundreds digit of u?
5
What is the ten thousands digit of ((11 - 0) + 2790/150)/((-4)/(-1830))?
1
Let u(p) = -599*p**3 + 2*p**2 - 60*p - 160. What is the units digit of u(-3)?
1
Let v(j) be the first derivative of -25*j**3/3 - j**2/2 - 25*j + 21. Let s(t) be the first derivative of v(t). What is the hundreds digit of s(-3)?
1
Let p be 4 - -2908*(7 - 6). Suppose p = 11*r - 1675. What is the tens digit of r?
1
Suppose -5*k + 37 = -i - i, -i = 1. Suppose 4*s + k*w + 1390 = 5*w, 2*s + 4*w + 704 = 0. Let a = s - -487. What is the units digit of a?
1
Let l = 2118 + -2119. Let i = 7 - -3. What is the units digit of (i + l)/(25/275)?
9
Suppose -232*v + 333*v = 1428847. What is the thousands digit of v?
4
Let x(t) = -2*t**3 - 7*t**2 - 4*t - 1. Let f be x(-3). Suppose 0 = f*p - 4*z + 32, 3*p = 8*p + 5*z + 5. What is the units digit of (28/(-24) - 4/p)*-238?
9
Suppose -5*r + 6406 = -3*b, -5*r + 59*b + 6414 = 57*b. What is the thousands digit of r?
1
Suppose -142*g = -3*b - 137*g + 1166, 0 = 3*b + g - 1160. What is the units digit of b?
7
Suppose -50*g = -58*g + 199056. Suppose 20*t + 6*t = g. What is the tens digit of t?
5
Suppose -28294 = -2*v - 2*h, 4*v + 2*h = -20312 + 76914. What is the tens digit of v?
5
Suppose -5*n - 3*g = -40080, 13521 = 4*n + 3*g - 18546. What is the units digit of n?
3
Let n(w) = -w**3 + 23*w**2 + 3. Let l be n(23). Suppose 2 = l*i - 4. What is the tens digit of i/7 + 2681/49?
5
Suppose -4*s + k + 13 = 0, -2*k + 10 = -2*s + 6*s. Suppose 949 = -8*m + 3469. Suppose -s*i + 8*i - m = 0. What is the tens digit of i?
6
Suppose -4*m - 10 = -6*m. Let o(r) = -r**2 + 5*r + 4. Let z be o(m). Suppose -z*x = -68 + 16. What is the units digit of x?
3
Suppose 8*r - 10566 = 41858. What is the thousands digit of r?
6
Suppose f - 5 = -5. Let g be (-45)/(-225) - (f + (-158)/10). What is the units digit of (-2284)/(-36) - g/36?
3
Let v(m) = -m - 6. Let g be (-9)/1 - (-2)/2. Let w be v(g). Suppose w*n + 3*y = 71, 4*n + 45 - 188 = -5*y. What is the tens digit of n?
3
Suppose -7*c + 0*c + 28 = 0. Suppose -29 = -2*t - 5*u, -c*t + 0*t - 4*u + 28 = 0. Suppose t*g - 13 - 235 = 0. What is the units digit of g?
4
Let u = 24162 + -20442. What is the units digit of u?
0
Suppose 64 + 186 = -5*g. Let x = 6 - g. Suppose -p + 5*t = -x, 0 = t - 2. What is the units digit of p?
6
What is the tens digit of (-147530)/(-11) + 16/66*132/176?
1
Let i(z) = 16 - 2*z**3 + 3*z**3 - 2537*z - 10*z**2 + 2546*z. What is the units digit of i(9)?
6
Suppose 1938 = 13*d - 11*d + 3*p, 3*d - 4*p - 2873 = 0. What is the tens digit of d?
6
Let r = -944 - -2216. Suppose 0 = -5*x - 3*k + 3182, -3*x + r = -x + k. What is the units digit of x?
4
Let r(x) = -23*x**3 + 2*x + 1. Let c be r(-1). Let y = 5725 - 5523. Suppose 8*d - y = c. What is the tens digit of d?
2
Suppose h + 13 = 15, -3*y = h - 21815. What is the units digit of y?
1
Suppose 4*k - 1481 = 39251. What is the hundreds digit of k?
1
Let l = 97262 - 63383. What is the units digit of l?
9
Let b be 5/((-15)/(-1281)) + 3. Suppose -21*r = -23*r - b. Let k = r - -359. What is the units digit of k?
4
Let m = -8087 + 13635. What is the units digit of m?
8
Let b = -48720 + 68329. What is the thousands digit of b?
9
Let j = -217 - -402. Let y = 499 - j. What is the units digit of y?
4
Let x = 460 - 1304. Let r be (-11 - -4)*(2 + x/14). Suppose 3*k = 3*p - r, -6*p + 270 = -4*p - 4*k. What is the tens digit of p?
3
Suppose 3*j - 2246 = -296. Suppose 3774*a + 7201 = 3755*a. Let d = a + j. What is the units digit of d?
1
Suppose 66*p - 101*p + 448070 = -362040. What is the hundreds digit of p?
1
What is the tens digit of (-3 - -5 - (-308)/(-132))*(-17562 - 0)?
5
Suppose 4*h = 18*h - 98. Suppose 5*d - 3850 = 5*c, 5*d - h*d + 1545 = 3*c. What is the units digit of d?
1
What is the thousands digit of -6 - ((-2 - 6) + -1626)?
1
Suppose 74*x = 5*x + 397992. What is the thousands digit of x?
5
Let j = -350 - -488. Suppose j*t - 137*t - 125 = 0. What is the hundreds digit of t?
1
Suppose -20724 = -7*w + 76702. What is the thousands digit of w?
3
Let i(s) = -6*s + 102. Let z be i(19). What is the tens digit of (z + 14)*(-137)/(-2)?
3
Suppose -4*t - 174 = -3*t. Let r = -1784 + 1385. Let l = t - r. What is the units digit of l?
5
Suppose -3*o + 1640 = 2*f, -3*o + 1097 = -o + 5*f. Let z = -213 + o. What is the hundreds digit of z?
3
What is the thousands digit of (-436)/1090 - (0 - 322094/10)?
2
Let m(d) = -d**3 + 7*d**2 + 10*d + 23. Let o = -87 + 98. Let u be m(o). Let f = 501 + u. What is the tens digit of f?
5
Let n(x) = -6 - 5*x + 32 + 25. What is the tens digit of n(-27)?
8
Let r = 94 + -91. Suppose a + 2*d = 0, -d = r*a - 3*d. Suppose a = -62*x + 59*x + 381. What is the units digit of x?
7
Let w be (-3 + 4)/(-1)*8/2. Let s(b) = 2*b + 2*b - b + 7 + b**2. What is the units digit of s(w)?
1
Let j(r) = -5*r + 21*r + 17 + 2*r - 3*r + 19*r. What is the thousands digit of j(31)?
1
Let d be (-1 + (-22)/(-10))*20/8. Let o be (d/(-6)*2)/((-2)/(-12)). What is the hundreds digit of 1/(30/4098) + o/10?
1
Let h be (-24)/60 - (-2 + 8739/15). Let w = 207 + h. Let a = w - -543. What is the tens digit of a?
6
Suppose 21*g - 10650 - 95173 = 78998. What is the tens digit of g?
0
Suppose 15*u - 34 + 4 = 0. Suppose -y - a = -134, u*y - 6*a = -0*y + 260. What is the tens digit of y?
3
Let t be -1 + 9 + -15 + 12 + -7 + 3. Let p be (-298)/(-6) + (-4)/6. What is the tens digit of -1 + p + (t - 2)?
4
Let h(v) = -34*v - 132. Let o be h(-9). Suppose -m + 541 = -3*f, m + o = -4*f + 750. What is the tens digit of m?
5
What is the tens digit of -6 + 6*70/63 - 117622/(-3)?
0
Let a = 3547 + -3096. What is the tens digit of a?
5
Let m = 133921 + -78592. What is the tens digit of m?
2
Let x be (-1)/(-2*2/492). Suppose -115*n - 4200 = -x*n. What is the tens digit of n?
2
Suppose 3*g = -3*r + 105, 109 + 71 = 6*r - 4*g. What is the units digit of r?
2
Let z = 1089 - 695. Let n = z + -94. Suppose 0 = -50*f + 52*f - n. What is the tens digit of f?
5
Suppose -29 + 9 = -5*u. Let s be 1/(u*4/32). Suppose 0 = -5*n + s*n + 138. What is the tens digit of n?
4
Let i(t) = -2 - 2*t**2 - 84*t**3 - t - 10*t**3 + 1 - 105*t**3. Suppose -n - p = -5*p - 15, -2*n + p + 2 = 0. What is the units digit of i(n)?
7
Let f be (-30)/(-105) - (-57)/21. Let d = 4 + -4. Suppose -4*t - f*t + 266 = d. What is the units digit of t?
8
Suppose -255312 = -31*i - 38*i + 61*i. What is the tens digit of i?
1
Let b = -342 + 287. What is the thousands digit of (-3)/(-5) + (-80047)/b + 5?
1
Suppose 5*v - 26231 = -3*o + 75243, 4*v = 3*o - 101519. What is the hundreds digit of o?
8
Let i(t) = -t + 5. Let k be i(0). Let l = 10285 + -10281. Suppose 20 = 6*c - l*c - m, k*m + 4 = 2*c. What is the units digit of c?
2
Let x(o) = 17*o**2 + o. Let p be x(-1). Let k be 9/((4/114)/(p/12)). Suppose 36*s - 34*s = k. What is the hundreds digit of s?
1
Let m(q) = 246*q + 2769. What is the hundreds digit of m(69)?
7
Suppose 5*u = 5*a + 40, 3*a + 5 + 7 = u. Let w(t) = 232*t - 6. What is the tens digit of w(u)?
8
Let r be 10/75 - (264/(-45) - -2). Suppose -2*p - 38 = -4*d, 3*d - 3*p - r = 17. Let o(y) = y**3 - 9*y**2 - 24*y + 1. What is the units digit of o(d)?
5
Let z(v) = 308*v**3 - 2*v**2 - 2*v + 9. Let y be z(2). Suppose 8*b - 12221 = -y. What is the tens digit of b?
2
Suppose 69426 = 29*c - 50344. What is the units digit of c?
0
Let p(k) = -45*k + 8. Let d be p(-8). Suppose -y + d = -w - 485, 2563 = 3*y - w. Suppose -3*z = 2*z - y. What is the hundreds digit of z?
1
Let q = -60 + 75. Let y(z) = 3*z**2 - 10*z - 20. What is the hundreds digit of y(q)?
5
Let g(a) = -6*a**2 + 56*a - 10. Let u be g(9). Suppose -u*f + 1454 = -738. What is the hundreds digit of f?
2
Let b be 65/26*(-4)/(-5). Suppose -r + 1 + b = 0. Suppo